 - 3. Let d be 38/8 - k/(-4). Calculate the greatest common factor of p and d.
4
Let w(a) = -a**3 - 8*a**2 - 11*a + 7. Let j be w(-7). What is the highest common factor of j and 7?
7
Let a = -5 - -16. Let r = a + 4. Let u = -11 + r. Calculate the highest common divisor of u and 44.
4
Suppose -297 = -241*t + 232*t. Calculate the highest common factor of t and 88.
11
Let q be 1 + 90/(-78) - (-535)/13. Suppose -2*o = -157 + q. Calculate the greatest common divisor of o and 29.
29
Let h(c) = 2*c**2 + 3*c + 3. Let i be h(-3). Let d be (-1)/(-2) - (-30)/i. Suppose x + d*x - 360 = 0. Calculate the highest common factor of 10 and x.
10
Suppose 2*x = 12 + 4. Let b = 742 - 734. Calculate the greatest common factor of b and x.
8
Suppose -a + 6*a - 162 = -3*q, 0 = 3*a. Calculate the greatest common divisor of 189 and q.
27
Let l = -1 - -2. Suppose 10*x - 12 = 9*x. Suppose 5*u - 13 = x. Calculate the highest common divisor of l and u.
1
Let j = -13 + 399. Calculate the highest common factor of 2 and j.
2
Let f = -1286 - -1361. What is the highest common divisor of 90 and f?
15
Let a be (-50)/125 - 484/(-10). What is the greatest common factor of 112 and a?
16
Let l(r) = r**2 - 7*r + 8. Let u be l(6). Let n = -175 + 176. What is the greatest common factor of u and n?
1
Let y = -1290 - -1611. Calculate the greatest common divisor of 6 and y.
3
Let h(b) = -b**3 + 11*b**2 + 13*b - 5. Let i be h(12). Suppose 3*q - 32 = i*q. Let u be 40/4 + 4 + q. Calculate the highest common divisor of 6 and u.
6
Let a be (12/8)/((-18)/(-16008)). Calculate the highest common divisor of 46 and a.
46
Suppose j - 23*j + 290 = 36*j. Let i = 229 - 144. What is the highest common divisor of i and j?
5
Let p = 23 - 17. Suppose b = 1, 7*u + b - 49 = 5*u. Calculate the highest common factor of u and p.
6
Suppose 0 = -3*c - 3*n + 360, -4*c = -0*n - n - 480. Let d = 213 - c. What is the greatest common divisor of 31 and d?
31
Let q be (-1)/3 - 13/(-3). Suppose 0 = -q*k - 4*n + 108, -6*n = -k - n + 45. Suppose -54*t + 1016 + 64 = 0. Calculate the greatest common divisor of k and t.
10
Let t = -63 + 153. Suppose 4*d = 5*x - t, 0 = -2*x + 5*d + 17 + 2. Calculate the highest common divisor of 88 and x.
22
Let g(t) = t**3 - 7*t**2 - 4. Let d be g(7). Let a be 1092/49 - d/(-14). Let u = 89 - 67. Calculate the greatest common divisor of u and a.
22
Let f be 430/(-25)*5/(-2). Suppose -f = 10*m - 103. What is the highest common factor of m and 42?
6
Suppose 0 = 36*h - 22*h - 98. Calculate the greatest common factor of h and 49.
7
Suppose -5*b - 2*s = -200, -34*b = -33*b + s - 40. Calculate the greatest common divisor of b and 70.
10
Suppose o + 14 = 2*h - 28, -o + 68 = 3*h. Let n be (2 + -8)/((-4)/h). Calculate the highest common divisor of n and 33.
33
Let b = 13 - 8. Let k(a) = -4*a - 11 + a - b*a + 13*a**2 - a**3. Let u be k(10). Calculate the greatest common divisor of u and 19.
19
Let a(b) = -b**3 - 6*b**2 - 9*b - 9. Let g be a(-4). Let s be ((-8)/g)/(1/15). What is the greatest common factor of 8 and s?
8
Suppose -2*k + 13 = 3. Suppose -44 = -2*y + 2*f, -k*y + 4*f + 37 = -4*y. Suppose -4*r + 11 + y = 0. Calculate the greatest common divisor of r and 77.
7
Let k = 617 - 586. Calculate the greatest common factor of k and 31.
31
Suppose 0 = -4*s - 3*t + 150, 6*s - s - 5*t = 170. Suppose 12*q = 15*q - 270. What is the greatest common divisor of q and s?
18
Suppose 5154 = 9*y + 5127. Suppose 0 = 2*k - 4*c + 10, -4*c = 2*k - 9*c + 14. Calculate the greatest common factor of y and k.
3
Let j(g) = -g**2 + 5*g + 10. Let h be j(6). Suppose h*y = 5*f + 98, 2*f = y - f - 21. What is the greatest common factor of 108 and y?
27
Let t be 19/3 - 3/9. Suppose -t*l = -11*l + 105. Calculate the greatest common divisor of l and 14.
7
Let g = -5927 + 5976. Let q = -15 + 29. Calculate the highest common factor of q and g.
7
Let m be -1 + (-16)/(-4) + 22. Let n = m - -16. What is the highest common factor of 82 and n?
41
Let a(n) = 65*n - 170. Let o be a(3). Calculate the highest common factor of o and 2300.
25
Suppose 5*c + 55 = 6*c. Suppose -5*k + 10 = -2*j, -2*j + 6 = -0*k - k. What is the highest common factor of j and c?
5
Let d = 57 + -45. Suppose -2*t = -d*t + 1920. What is the highest common divisor of t and 24?
24
Let r = -52 - -54. Suppose 5*t = 2*s + 56, r*t + s - 11 = -2*s. What is the greatest common factor of t and 10?
10
Suppose -6*p + 640 - 256 = 0. Calculate the highest common factor of 112 and p.
16
Let o be 118/15 - (-2)/15. Let j(k) = -k**3 + 8*k**2 + 6*k - 12. Let a be j(o). What is the highest common factor of a and 90?
18
Let q be ((-92)/(-6))/(6/9). Let r(v) = -90*v - 12. Let z be r(-4). Suppose 5*s = z + 802. Calculate the greatest common divisor of s and q.
23
Let l(v) = 3*v**3 - 15*v**2 - 13*v. Let d be l(6). What is the highest common divisor of 960 and d?
30
Let r(d) = d**2 - 36*d + 242. Let x be r(28). What is the greatest common divisor of x and 1071?
9
Suppose -5*y = -4*s + 214, -2*s = -y - 3*y - 104. Calculate the highest common divisor of s and 35.
7
Suppose -u - 4*m - 252 = -330, -199 = -3*u - 5*m. Calculate the greatest common factor of 3886 and u.
58
Let b = 2028 + -1773. What is the greatest common factor of b and 105?
15
Let y be -2 - (2*-2 - 2). Let r be 10/12 + (-266)/(-228). Suppose -4*q - r*t = -316, y*t = -3*q + 2*q + 86. What is the greatest common divisor of 26 and q?
26
Let f(m) = -1 + 12*m - 36*m + 3. Let l be f(-1). What is the greatest common divisor of 78 and l?
26
Let b be 9876/30 - (-4)/5. Suppose -42 = -2*u + 3*t + 114, -4*t + 344 = 5*u. Let n = u + -39. What is the highest common factor of b and n?
33
Let r be 4/(-22) - 40520/(-220). Suppose -3*j + 57 + 12 = 0. Calculate the greatest common divisor of j and r.
23
Suppose 17*o - 12*o = -15, 5*l - 5*o = 610. Suppose 2*s = 5*s. Suppose 51 = -s*b + 3*b. What is the greatest common factor of b and l?
17
Suppose 0*o + o + 5*f = 375, 5*o - 4*f - 1991 = 0. What is the highest common factor of o and 158?
79
Suppose 4*t - 176 = 3*r, -5*t + 216 = 4*r - 35. What is the highest common divisor of t and 47?
47
Let o(g) = 1 - 19*g - 47*g - 37*g + 16*g. Let s be o(-2). Calculate the greatest common divisor of 25 and s.
25
Suppose 264 = -21*p + 24*p. Suppose 3*d = d - g + p, 2*d - g = 80. Calculate the greatest common factor of 14 and d.
14
Let x be 1/(-1 + (-45)/(-40)). Suppose 3*g = -3*b + 2*b + 32, -g + x = 3*b. Suppose 0 = -3*y - 99 + 330. What is the greatest common factor of y and g?
11
Let k = 287 + -498. Let h = 20 - k. What is the highest common factor of 21 and h?
21
Let r be 3*(-2 - -3)*6. Let u(s) = 8*s**3 - 2*s**2 + 2*s. Let z be u(2). Let t = z - r. What is the highest common divisor of 6 and t?
6
Let l(j) = -j**3 - 64*j**2 - 64*j - 55. Let p be l(-63). What is the greatest common factor of p and 404?
4
Let z = -137 - -158. Calculate the greatest common divisor of z and 63.
21
Let u be (12 - 9) + 0 + 4. Calculate the highest common divisor of u and 567.
7
Let t(j) = 1279*j**3 + j**2 - 12*j + 10. Let q be t(1). Calculate the highest common divisor of q and 18.
18
Suppose 0 = 4*o - 20, -12 = -h - 4*o + 4. Let j = -6 - -12. Let i be (-77)/h - j/(-8). Calculate the highest common factor of i and 8.
4
Suppose 21 = -y + 84. Let p be (-46)/(-6) - (11 + 155/(-15)). What is the greatest common divisor of y and p?
7
Let v(w) = -w**3 - 8*w**2 + 8*w + 15. Let p be v(-9). Calculate the greatest common divisor of 12 and p.
12
Suppose -3*v = -256 + 46. Let h be (20/6 - 3)/(-1)*-18. Suppose -h*t + 112 = -2*t. What is the highest common divisor of v and t?
14
Suppose 0 = 12*n + 16 + 140. Let j be (-8)/((-6)/(-10) + n/13). Let g(w) = 2*w**2 + 3*w + 3. Let b be g(-2). Calculate the greatest common divisor of b and j.
5
Let b be ((-1890)/(-150))/(3/10). What is the highest common divisor of 266 and b?
14
Let s = 12 + -8. Let v = s - 18. Let a = 0 - v. Calculate the greatest common divisor of 112 and a.
14
Let t(c) be the second derivative of 0 + 1/6*c**4 - 7*c + 1/3*c**3 + 1/2*c**2 - 1/5*c**5. Let v be t(-1). What is the highest common divisor of v and 10?
5
Suppose -2*r - 6 + 42 = 0. Let y(v) = -v**3 - 15*v**2 + 12*v - 10. Let k be y(-16). What is the greatest common divisor of k and r?
18
Let f(a) = 5*a + 178. Let m be f(32). 